at is the units digit of t?
4
Let n(g) = -7*g**2 + 489*g + 96. What is the tens digit of n(58)?
1
Let d(m) = m**3 + 29*m**2 + 13568. What is the thousands digit of d(0)?
3
Let h = -22399 + 51925. What is the tens digit of h?
2
Suppose -d - 28*p = -25*p - 13187, p + 52670 = 4*d. What is the hundreds digit of d?
1
Suppose -w - 6*w = -182. Let o = w - -28. Let a = 126 - o. What is the units digit of a?
2
Suppose -16 = 4*t - 4*w, -7*t + 3*w = -3*t + 12. Suppose 4*a - 2*j = 798, t*j - j = 3. What is the units digit of a?
8
Let i(j) = 381*j**2 - 116*j + 824. What is the units digit of i(7)?
1
Let d(u) be the third derivative of u**6/120 - 29*u**5/60 + 25*u**4/8 + 14*u**3/3 - 20*u**2 + 2. What is the hundreds digit of d(27)?
5
Let b = -675 - -967. What is the tens digit of 6 + b + 0 + 0?
9
Let w(t) = t**3 - 12*t**2 - 14*t + 15. Let j be w(13). What is the hundreds digit of ((-15580)/(-114))/(j/9)?
6
Suppose -2*q + 75452 = 4*t, -75470 = -4*t - 18*q + 25*q. What is the thousands digit of t?
8
Let v be (-2)/(-10) - (-18)/10. Suppose 4*f - 6*r - 19 = -r, f - 7 = v*r. What is the tens digit of (-2 - (f + -3)) + 22 - -3?
2
Let k(w) = -67*w - 2339. Let x be k(-39). Let a be (0 + -24)*8 - 2. Let q = x + a. What is the tens digit of q?
8
Suppose 0 = u - 232 + 78. Let c = 89 + u. What is the units digit of c?
3
Let l = 232 + -5. Let d = -113 + l. What is the units digit of d?
4
Let g(u) = 18*u + 183. Let q be g(-10). Suppose 0 = 4*c - 2*b + 4*b - 2814, q*b + 3534 = 5*c. What is the hundreds digit of c?
7
What is the tens digit of 8/26*43539/4 - 44/286?
4
Suppose -g + 1 = -24. Suppose -g*n + 20*n + 1695 = 0. What is the hundreds digit of n?
3
Let z be 600/80 + 1/2. Suppose -10185 = -13*b - z*b. What is the tens digit of b?
8
Suppose -5*q - 2*p + 2 = 0, -5*q + 2*p - 4 + 22 = 0. Suppose -4*r + 5*h + 983 = -1717, q*r - 1360 = 5*h. What is the tens digit of r?
7
Suppose 570*u = 569*u + 3257. What is the hundreds digit of u?
2
Let m(y) be the first derivative of -5*y**4/2 - y**3/3 - 3*y**2/2 - 2*y - 35. Let h be m(-1). Suppose -h*s = 5*s - 120. What is the units digit of s?
8
Suppose 2*x + 9 = 19. Suppose -x*q - 4*w = 0, 3*q + w = 3*w. What is the tens digit of 3 + 19/1 - q?
2
Suppose 5*x - 4*x = -1134 + 7699. What is the tens digit of x?
6
Suppose 2*z + 76*s - 6959 = 81*s, -z - 4*s = -3499. What is the tens digit of z?
8
Let d(c) = -c**3 - 17*c**2 + 10*c + 19. Let q be d(-19). Suppose 0 = 543*x - q*x + 1752. What is the tens digit of x?
1
Let s be ((-31)/2 + 0)/((-17)/1020). Suppose 0 = -4*o + s + 1450. What is the hundreds digit of o?
5
Suppose 7*d + 4318 - 32623 = 2*d. What is the thousands digit of d?
5
Suppose 5*z - 1525 = -375. Suppose 2*k = -4*j + 6*j + z, -4*k + 439 = 3*j. What is the tens digit of k?
1
Suppose -13298 = -8*x - 11714. What is the tens digit of x?
9
Let x be -30*((-34)/8)/(4/8). Let f = 303 - x. What is the units digit of f?
8
Suppose -396*p - 9 = -399*p. Suppose 2*v - 626 = -2*a, 0 = p*a - 5*v - 1216 + 301. What is the tens digit of a?
1
Suppose -5*g + 3*s = -2*g - 2448, 5*s + 10 = 0. Let q = g - 407. What is the tens digit of q?
0
Let u be (9*(-4)/(-12) - 4) + 8965. Suppose 21*p = 3*p + u. What is the units digit of p?
8
Let u(t) = -2*t + 72. Let m be u(24). Let c(g) = -4*g + 99. What is the units digit of c(m)?
3
Let d(g) be the third derivative of g**5/60 - 3*g**4/8 + 2*g**3/3 - 48*g**2. What is the hundreds digit of d(-11)?
2
Let y = 1189 + 119. What is the tens digit of y?
0
Let y(s) = -s**3 + 11*s**2 - 8*s + 3. Let d be y(9). Let r = d + 144. Suppose 697 = 5*m + r. What is the tens digit of m?
9
Suppose -5*t + 225 = 2*z - 2*t, 4*t = 3*z - 380. Let o = z - 232. What is the units digit of o/(-10)*((-6)/(-2) - -12)?
8
Let n = 147 + -207. What is the tens digit of ((-756)/10)/(12/n)?
7
Suppose 3*f + 184846 = 4*t, 216217 = 3*t + 4*f + 77595. What is the thousands digit of t?
6
Let i be (1/(-7))/((-4)/12) + (-144630)/(-630). Let l(b) = b + 3. Let m be l(0). Suppose m*u = 3*s - 372, i = 3*s - s + 4*u. What is the tens digit of s?
2
Suppose -11705 = -5*y - 2*d, 5*y = -56*d + 55*d + 11705. Let a = -736 + y. What is the hundreds digit of a?
6
Let m be 3/(-6) - 9/(-2). Suppose -m*p + 1070 = -1674. What is the tens digit of p/5 + 2*7/(-70)?
3
What is the thousands digit of 3722 + 0 + 18 + 17 + -25?
3
Let w(b) = 366*b**2 - 9*b - 144. What is the hundreds digit of w(6)?
9
What is the units digit of -1*5*(-11 + 24 - 708)?
5
Let p = 5 - -16. Let b be p/((6 + -2)/44). Suppose 22*w + b = 25*w. What is the tens digit of w?
7
Let d = -827 - -2705. What is the thousands digit of d?
1
Let j be 2/(-3) + 11352/(-36). Let n = j - -571. What is the units digit of n?
5
Let w(y) = -2*y**3 - 5*y**2 + 12*y + 52. Suppose -5 = -u - 4*l, 0 = 26*u - 27*u + 2*l - 13. What is the tens digit of w(u)?
0
Let y(f) = -233*f + 61. Let x be y(-5). Suppose 0 = 3*v - h - 1220, v = -2*v - 5*h + x. What is the units digit of v?
7
Let z be 20/15*3/2 - -6. Let v(w) = -w**3 - 8*w**2 - 2*w - 16. Let u be v(-13). Suppose 0 = z*d + 47 - u. What is the hundreds digit of d?
1
Let v(t) = -t**3 + 15*t**2 + 36*t + 13. Let z be v(16). Let j = 425 - z. What is the tens digit of j?
9
Let b(y) = -y**3 + 10*y**2 + 23*y - 4. Let w be b(12). Let o = w + 54. What is the tens digit of o?
3
Suppose 4*p = -4*r + 88, -r + 6 + 16 = 4*p. Let u = r + -43. Let j(v) = -v**2 - 22*v - 13. What is the units digit of j(u)?
8
Let q(p) = -p**3 + 2*p**2 + 7*p - 8. Let a be q(3). Suppose -a*k + 1230 = 118. What is the tens digit of k?
7
Let c(o) = -4423*o**3 - 13*o**2. Let p be c(-2). What is the thousands digit of (2 + (0 - 1))/(22/p)?
1
Let j(s) = 11*s**2 + 6*s - 36. Suppose 3*x - 37 = u, -3*u + 10 - 66 = -4*x. What is the tens digit of j(x)?
6
Let t(l) = 69*l - 27. Let c be (22/(-99))/((-3)/54). What is the hundreds digit of t(c)?
2
Suppose -2*m = 4 - 0, o = -3*m + 2. Let c be (-16)/4 + 3*o/6. Suppose c = -24*l + 25*l - 178. What is the units digit of l?
8
Let o(l) be the third derivative of -61*l**6/60 + l**4/6 + 2*l**3/3 + 17*l**2 - 2. What is the units digit of o(-1)?
2
Let x(w) = -10*w + 89. Let a(d) = d**2 + 11*d - 91. Let c(u) = 4*a(u) + 5*x(u). What is the units digit of c(8)?
9
Let a = -138 - -140. Suppose -2836 + 794 = -a*q. What is the thousands digit of q?
1
Suppose 10*d + 7545 = 2*u + 7*d, -u + 5*d = -3776. What is the hundreds digit of u?
7
Let r(p) = -12*p - 21. Let z be r(-2). Suppose -g = z*g - 436. Let i = -88 + g. What is the tens digit of i?
2
Let g be (-1 + 13)/(9/3 - 2). Suppose -9*q - g = -12*q. Suppose -q*f = -h + 142, -6*h + 2*h - 5*f = -505. What is the units digit of h?
0
Let i(w) = 8490*w + 56. What is the hundreds digit of i(1)?
5
Suppose -16 = 26*d - 30*d. Suppose -d*o - 701 = -2477. What is the units digit of o?
4
Let m(o) = -5*o**3 + 5*o**2 - 12*o - 4. Let t be m(-4). Suppose 3*g - t = 2*g. What is the hundreds digit of g?
4
Suppose 9*u + 2*f - 234240 = 0, 26*f = 4*u + 27*f - 104106. What is the hundreds digit of u?
0
Suppose 31054 = r + 2*t, -3*r + 160*t = 156*t - 93092. What is the ten thousands digit of r?
3
Let z(m) = 34*m + 147. Let c be z(0). What is the tens digit of -6*7/c + 7648/14?
4
Let p = 19545 - -35348. What is the tens digit of p?
9
Let w(m) = -m**3 - 14*m**2 - 4*m - 28. Let q be w(-14). What is the tens digit of 6836/q - 11/77?
4
Let g(c) = c**2 - 2*c - 1. Let z be g(3). Suppose -3*o - z*o + 10 = 0. Suppose 4*q + o*y = 278, 0 = 3*q + 5*y - 164 - 41. What is the tens digit of q?
7
Let y be (4 + -3)*2*100/8. Let h = -23 + y. Suppose 58 + 114 = h*u. What is the tens digit of u?
8
Suppose 0 = -23*v - 62 - 76. What is the tens digit of (614/6)/(v/(-36) - 0)?
1
Let j = 198 - 287. Let w = 173 - j. What is the units digit of w?
2
Suppose -3593*z + 45580 = -3588*z. What is the tens digit of z?
1
Let b(h) = 8*h - 2. Let o be b(-1). What is the tens digit of (-2068)/o - 188/235?
0
What is the thousands digit of (-4)/36 + (-486635)/(-45) - -1?
0
Suppose -l + 8*m - 12*m = -2, -5*l - 2*m + 64 = 0. What is the units digit of 5790/70 - (-4)/l?
3
Suppose 2*u = u - 4*u. Suppose 5*k - 20 = u, 454 = 2*m - 2*k - 3*k. What is the units digit of m?
7
Let y = 44 + -40. Suppose 2*m + 5*x - 15 = -3*m, 5*m - 6 = y*x. Suppose -m*a + 3*j + 158 = 0, -3*a + 301 - 64 = -5*j. What is the units di